 factor of c and 55.
11
Suppose -14*l = -23*l + 18. Suppose -244 = -2*p + 5*z, -l*z + 193 = p + 53. Calculate the greatest common divisor of p and 12.
12
Let j be 1/((-10)/114)*5. Let c = 9 - j. Let t = -34 + 40. What is the greatest common factor of c and t?
6
Let p(t) = 7*t**2 + t + t**3 + 54 + t**2 - t - 12*t + 42. Let h be p(-10). What is the greatest common divisor of 592 and h?
16
Suppose 16*k - 6606 = -31*k + 1384. Calculate the highest common divisor of 1326 and k.
34
Suppose -9*a + 45 = -4*a. Let b(o) = 11*o**2 + 2*o + 1. Let m be b(-1). Let t = m + -1. What is the highest common divisor of t and a?
9
Let z be (4/(-14))/((-16)/28) - 6837/(-86). Calculate the greatest common divisor of 4096 and z.
16
Let u = 2026 - 1896. What is the highest common divisor of 845 and u?
65
Suppose 4*t = -3*w + 808, -2*w + 4*t + 248 = -w. Let p(q) = -2*q**3 - 76*q**2 - 4*q - 119. Let v be p(-38). What is the highest common divisor of v and w?
33
Let u(r) = -4 + 919*r - 915*r + 63. Let i be u(22). What is the greatest common divisor of i and 21?
21
Let b(f) = -2*f**3 - 2*f**2 + 6*f + 24. Let j be b(-3). Suppose -16 = -j*v + 41*v. What is the greatest common factor of 256 and v?
16
Let c(q) = -149*q**3 + 10*q**2 + 9*q - 6. Let t be c(-2). What is the highest common divisor of 56 and t?
8
Suppose -26*o - 38 = -480. Let n(j) = 4*j**2 + 8*j - 9. Let s be n(12). What is the highest common factor of o and s?
17
Let y(p) = 1149*p + 1279. Let h be y(4). What is the highest common factor of 125 and h?
125
Let v(i) = i**3 - 3*i**2 - i + 4. Let f(c) = -19 - 10 + 3 - 2*c. Let l be f(-15). Let o be v(l). What is the greatest common divisor of o and 144?
16
Suppose 70*c = 2*d + 69*c - 187, 0 = 3*c - 15. Calculate the greatest common factor of 5856 and d.
96
Suppose 285 = 46*i + 11*i. What is the highest common factor of i and 625?
5
Suppose -2*t = 2*p, 0 = 3*t - 7*t - 8. Let j be 2 - p - 0/18. Suppose j = 8*l + 13 - 37. What is the highest common divisor of 15 and l?
3
Let c(u) = -4*u**2 - 20*u - 24. Let m be c(-11). Let d = m + 488. Suppose -9*q = -5*q - d. What is the greatest common factor of 30 and q?
10
Let n be (-14)/231*3 + 62/(-22) + 63. Let i be 14/(-35) - (-1052)/5. Calculate the greatest common divisor of n and i.
30
Let t(i) be the first derivative of -25*i**2 + 42*i - 169. Let c be t(-1). Calculate the greatest common factor of 322 and c.
46
Let u be (-12)/(-16) - 2349/(-36). Suppose u*l = 44*l + 1056. What is the greatest common factor of 3 and l?
3
Let d = -12792 + 12802. Calculate the highest common divisor of 17840 and d.
10
Let n = 304 - 287. Let j(a) = -a**2 - 9*a - 3. Let c be j(-7). Suppose 0 = -2*y - 3*w + 54, w = -y + n + c. Calculate the highest common factor of 20 and y.
10
Let o be (-95)/(-304)*464 + 5. Let g be 0 + (3 - 2) + 49. Calculate the highest common divisor of g and o.
50
Suppose 0 = -b - 14 + 17. Suppose b*y - 188 = 28. What is the highest common divisor of 54 and y?
18
Suppose -48*u + 71448 = -75*u + 40*u. Calculate the greatest common divisor of 96 and u.
24
Let x be (-36)/(-2)*10*(-2)/(-30). Suppose x*z - 364 = -2*z. Let p(h) = -17*h**3 - h**2 - 2. Let o be p(-2). Calculate the highest common factor of z and o.
26
Suppose 3500*k + 39102 = 3514*k. What is the highest common divisor of 171 and k?
57
Suppose 0 = 43*k - 11 - 161. Let j be (4 + (-104)/12)*(-6)/k. Let v be (-128)/(-9) + (-10)/45. What is the greatest common factor of v and j?
7
Suppose 6*h = 11*h + 161*h - 2822. Calculate the greatest common factor of 11815 and h.
17
Let w be -1 - ((-3180)/(-35))/((-5)/175*2). Calculate the highest common divisor of w and 28.
7
Let o = 223 + -197. Let c be 16*((-15)/(-60))/(1/o). What is the greatest common factor of c and 78?
26
Let i be -505 - 34 - (-8)/1. Let q = i + 537. Suppose 2*n - 50 = s + 3*s, s + 107 = 4*n. Calculate the highest common factor of n and q.
3
Suppose 2*a - 2*s - 584 = 0, -484*a + 489*a = 2*s + 1469. What is the greatest common divisor of 60 and a?
5
Let k = 8 + 84. Let s = 116 - k. Let m be (-66)/3*24/(-2). Calculate the greatest common factor of m and s.
24
Let q be ((-12)/(-15))/(6/12255). Let k = q + 160. Let b be k/115 - (-3)/((-15)/(-2)). Calculate the greatest common factor of b and 2.
2
Let l = -763 + 1057. Calculate the highest common factor of 8967 and l.
147
Let r(b) = -5*b - 24. Suppose -6*j = -0*j + 48. Let v be r(j). Let n be ((-28)/v + 1)*-32. What is the greatest common divisor of n and 264?
24
Let p(k) = 3*k - 23. Let o be (-3 - -2)*(-3)/6*6. Suppose -c - o = -20. Let g be p(c). Calculate the greatest common divisor of g and 42.
14
Suppose -512 = 6*x - 22*x. Let c = -24 + x. What is the highest common divisor of c and 88?
8
Let i be (33728/(-155))/((60/125)/(-6)). What is the greatest common factor of 180 and i?
20
Suppose -4*d - 1138 = -5*m, -5*m + 4*d + 1135 = -d. Suppose 94*u = 89*u + m. Calculate the greatest common divisor of 23 and u.
23
Suppose -3 = -2*f + 13. Let d = -71 - -85. Suppose -d = -2*i + 2. What is the greatest common divisor of i and f?
8
Let w be (180/120)/((-4)/6)*(-75 + 3). Calculate the greatest common factor of w and 66.
6
Suppose 9*b - 17*b = -1144. Let y(u) = u**3 - 8*u**2 + 6*u - 5. Let r be y(9). Suppose -16*w - r = -21*w. Calculate the greatest common factor of w and b.
13
Let u = -10312 - -10331. What is the greatest common divisor of u and 3?
1
Suppose 5*c + 417 = q, c = 2*q - 3*c - 804. Suppose -70*x + 42*x + q = 0. Calculate the greatest common factor of 49 and x.
7
Let b = -202 + 210. Suppose -7*g + 8*g - 5 = 0. Suppose 321 - 41 = g*o. What is the highest common factor of b and o?
8
Let o(n) be the second derivative of -5*n**3/6 + 165*n**2/2 - 63*n. Let b be o(14). What is the greatest common factor of 57 and b?
19
Suppose 35*n = -4*v + 33*n + 518, 2*v + 5*n = 239. What is the highest common factor of 825 and v?
33
Let x = 135 - 132. Let v be (38/x)/((-12)/(-216)). What is the greatest common divisor of 57 and v?
57
Suppose -7*n = -166 - 30. Let a = 63 - 79. Let q = n + a. What is the greatest common divisor of 24 and q?
12
Suppose 4*q - 83 = 3*q. Let j = -8 + q. What is the greatest common divisor of 25 and j?
25
Let m be ((-9)/(-75)*5)/((-18)/(-420)). What is the highest common divisor of 854 and m?
14
Let w = 495 + 287. What is the highest common factor of w and 506?
46
Let o(g) = 27*g - 971. Let j be o(36). Calculate the greatest common factor of j and 131.
1
Let x = -1727 + 1795. Let m = 390 + -186. Calculate the greatest common factor of x and m.
68
Let j(r) = -r**2 + 15*r - 18. Let u be j(4). Calculate the highest common divisor of u and 1066.
26
Let t = -385 - -385. Suppose 4*f = 3*n + 28, t = 2*f - 5*f + 3*n + 24. Suppose -9 + 41 = 2*g. Calculate the greatest common factor of g and f.
4
Let j = 0 - -2. Let o(a) = a**3 + 4*a**2 - 3*a + 6. Let c be o(-4). Let f be 3*((-60)/c - -3) - -19. Calculate the greatest common divisor of j and f.
2
Suppose -5*s + 4*j + 15 - 19 = 0, -5*j + 5 = -s. Suppose s = 18*b - 67 - 869. What is the greatest common factor of 572 and b?
52
Let o(l) = -2*l**2 - 35*l - 4. Let i be 52/(-3) + (20/5)/12. Let y be o(i). Let t = y + -1. What is the greatest common factor of 8 and t?
4
Suppose 0*a = -13*a + a. Let h be 26 + a - (-3)/(12/16). Calculate the greatest common divisor of h and 20.
10
Let l = 23512 - 16550. Calculate the highest common factor of l and 59.
59
Let w = 41 - 36. Suppose -7*c - 5*g = -2*c - 75, c - w*g = -15. Let s(p) = 2*p - 2. Let a be s(c). Calculate the greatest common divisor of 45 and a.
9
Let d = 529 - 508. Let m(n) = -5*n**3 + 3*n**2 - 12*n - 109. Let z be m(-5). Calculate the greatest common factor of d and z.
21
Let i be (4/(-12) - -1) + 3100/93. What is the highest common divisor of 194 and i?
2
Let y = 190 - 116. Let q = -72 + y. Suppose -2*a + 706 = q*a + 2*d, 0 = -2*a - 5*d + 365. What is the greatest common divisor of a and 35?
35
Suppose -64*r = -71*r - 3003. Let v = r + 456. What is the highest common divisor of v and 216?
27
Let h = 6105 + -4935. Calculate the greatest common factor of h and 65.
65
Let y = 19966 + -17770. What is the greatest common factor of 36 and y?
36
Suppose 4*d - 1333 = -853. Suppose -216 = -2*t - 4*l, -58*l + 53*l = t - d. What is the greatest common divisor of 40 and t?